GIF89;aGIF89;aGIF89;a
Team Anon Force
https://t.me/Professor6T9x
Professor6T9 Web SheLL
Linux server800.serverconfig.center 6.1.0-48-amd64 #1 SMP PREEMPT_DYNAMIC Debian 6.1.172-1 (2026-05-15) x86_64
Apache
195.242.103.230
/
var
/
www
/
vhosts
/
fits-hosting.de
/
logs
[ HOME ]
Exec
Submit
access_ssl_log
66.249.79.74 - - [22/May/2026:07:04:23 +0200] "GET /?s=13525202160202 HTTP/1.1" 200 29599 "-" "Mozilla/5.0 (Linux; Android 6.0.1; Nexus 5X Build/MMB29P) AppleWebKit/537.36 (KHTML, like Gecko) Chrome/148.0.7778.96 Mobile Safari/537.36 (compatible; Googlebot/2.1; +http://www.google.com/bot.html)"
85.208.96.211 - - [22/May/2026:07:04:24 +0200] "GET /products/utils/quarter16292200794 HTTP/1.1" 200 3954 "-" "Mozilla/5.0 (compatible; SemrushBot/7~bl; +http://www.semrush.com/bot.html)"
185.191.171.9 - - [22/May/2026:07:04:28 +0200] "GET /products/wounded/supper1625434382 HTTP/1.1" 200 3954 "-" "Mozilla/5.0 (compatible; SemrushBot/7~bl; +http://www.semrush.com/bot.html)"
85.208.96.195 - - [22/May/2026:07:04:42 +0200] "GET /products/winning/hua1625519532 HTTP/1.1" 200 3954 "-" "Mozilla/5.0 (compatible; SemrushBot/7~bl; +http://www.semrush.com/bot.html)"
66.249.79.73 - - [22/May/2026:07:04:50 +0200] "GET /?s=29853299449400 HTTP/1.1" 200 30259 "-" "Mozilla/5.0 (Linux; Android 6.0.1; Nexus 5X Build/MMB29P) AppleWebKit/537.36 (KHTML, like Gecko) Chrome/148.0.7778.96 Mobile Safari/537.36 (compatible; Googlebot/2.1; +http://www.google.com/bot.html)"
66.249.79.225 - - [22/May/2026:07:04:50 +0200] "GET /?s=53017136619003 HTTP/1.1" 200 31284 "-" "Mozilla/5.0 (Linux; Android 6.0.1; Nexus 5X Build/MMB29P) AppleWebKit/537.36 (KHTML, like Gecko) Chrome/148.0.7778.96 Mobile Safari/537.36 (compatible; Googlebot/2.1; +http://www.google.com/bot.html)"
185.191.171.4 - - [22/May/2026:07:04:53 +0200] "GET /products/waco/jerome16271312210 HTTP/1.1" 200 3954 "-" "Mozilla/5.0 (compatible; SemrushBot/7~bl; +http://www.semrush.com/bot.html)"
185.191.171.1 - - [22/May/2026:07:05:23 +0200] "GET /products/mpc/gzip16271169211 HTTP/1.1" 200 3954 "-" "Mozilla/5.0 (compatible; SemrushBot/7~bl; +http://www.semrush.com/bot.html)"
85.208.96.204 - - [22/May/2026:07:05:48 +0200] "GET /products/tunnels/kids16271300827 HTTP/1.1" 200 3954 "-" "Mozilla/5.0 (compatible; SemrushBot/7~bl; +http://www.semrush.com/bot.html)"
85.208.96.199 - - [22/May/2026:07:05:50 +0200] "GET /products/knee/rey16271354100 HTTP/1.1" 200 3954 "-" "Mozilla/5.0 (compatible; SemrushBot/7~bl; +http://www.semrush.com/bot.html)"
85.208.96.200 - - [22/May/2026:07:05:54 +0200] "GET /products/wills/cliff1626869029 HTTP/1.1" 200 3954 "-" "Mozilla/5.0 (compatible; SemrushBot/7~bl; +http://www.semrush.com/bot.html)"
85.208.96.201 - - [22/May/2026:07:06:05 +0200] "GET /products/ans/cdr16292011566 HTTP/1.1" 200 3954 "-" "Mozilla/5.0 (compatible; SemrushBot/7~bl; +http://www.semrush.com/bot.html)"
66.249.79.74 - - [22/May/2026:07:06:11 +0200] "GET /?s=8280289071800 HTTP/1.1" 200 31386 "-" "Mozilla/5.0 (Linux; Android 6.0.1; Nexus 5X Build/MMB29P) AppleWebKit/537.36 (KHTML, like Gecko) Chrome/148.0.7778.96 Mobile Safari/537.36 (compatible; Googlebot/2.1; +http://www.google.com/bot.html)"
66.249.79.73 - - [22/May/2026:07:06:11 +0200] "GET /?s=41789120091600 HTTP/1.1" 200 31627 "-" "Mozilla/5.0 (Linux; Android 6.0.1; Nexus 5X Build/MMB29P) AppleWebKit/537.36 (KHTML, like Gecko) Chrome/148.0.7778.96 Mobile Safari/537.36 (compatible; Googlebot/2.1; +http://www.google.com/bot.html)"
85.208.96.201 - - [22/May/2026:07:06:15 +0200] "GET /products/uc/autocad16292013953 HTTP/1.1" 200 3954 "-" "Mozilla/5.0 (compatible; SemrushBot/7~bl; +http://www.semrush.com/bot.html)"
85.208.96.201 - - [22/May/2026:07:06:27 +0200] "GET /products/dp/aided16281473016 HTTP/1.1" 200 3954 "-" "Mozilla/5.0 (compatible; SemrushBot/7~bl; +http://www.semrush.com/bot.html)"
85.208.96.204 - - [22/May/2026:07:06:36 +0200] "GET /products/csa/vga16302509006 HTTP/1.1" 200 3954 "-" "Mozilla/5.0 (compatible; SemrushBot/7~bl; +http://www.semrush.com/bot.html)"
85.208.96.207 - - [22/May/2026:07:06:38 +0200] "GET /products/wilton/ref16302501798 HTTP/1.1" 200 3954 "-" "Mozilla/5.0 (compatible; SemrushBot/7~bl; +http://www.semrush.com/bot.html)"
185.191.171.16 - - [22/May/2026:07:06:48 +0200] "GET /products/tale/wr16302407995 HTTP/1.1" 200 3954 "-" "Mozilla/5.0 (compatible; SemrushBot/7~bl; +http://www.semrush.com/bot.html)"
85.208.96.195 - - [22/May/2026:07:06:52 +0200] "GET /products/nb/graph1626904448 HTTP/1.1" 200 3954 "-" "Mozilla/5.0 (compatible; SemrushBot/7~bl; +http://www.semrush.com/bot.html)"
85.208.96.201 - - [22/May/2026:07:07:01 +0200] "GET /products/under/subtle1625449546 HTTP/1.1" 200 3954 "-" "Mozilla/5.0 (compatible; SemrushBot/7~bl; +http://www.semrush.com/bot.html)"
66.249.79.74 - - [22/May/2026:07:07:05 +0200] "GET /?s=0263178624500 HTTP/1.1" 200 30416 "-" "Mozilla/5.0 (Linux; Android 6.0.1; Nexus 5X Build/MMB29P) AppleWebKit/537.36 (KHTML, like Gecko) Chrome/148.0.7778.96 Mobile Safari/537.36 (compatible; Googlebot/2.1; +http://www.google.com/bot.html)"
85.208.96.207 - - [22/May/2026:07:07:07 +0200] "GET /products/agri/lx1624251401 HTTP/1.1" 200 3954 "-" "Mozilla/5.0 (compatible; SemrushBot/7~bl; +http://www.semrush.com/bot.html)"
185.191.171.15 - - [22/May/2026:07:07:16 +0200] "GET /products/whereas/globe16312982734 HTTP/1.1" 200 3954 "-" "Mozilla/5.0 (compatible; SemrushBot/7~bl; +http://www.semrush.com/bot.html)"
66.249.79.225 - - [22/May/2026:07:07:33 +0200] "GET /shop/cart/cart/?c=16261025324 HTTP/1.1" 200 3954 "-" "Mozilla/5.0 (Linux; Android 6.0.1; Nexus 5X Build/MMB29P) AppleWebKit/537.36 (KHTML, like Gecko) Chrome/148.0.7778.96 Mobile Safari/537.36 (compatible; Googlebot/2.1; +http://www.google.com/bot.html)"
85.208.96.199 - - [22/May/2026:07:07:57 +0200] "GET /products/unhappy/mere16312785961 HTTP/1.1" 200 3954 "-" "Mozilla/5.0 (compatible; SemrushBot/7~bl; +http://www.semrush.com/bot.html)"
52.167.144.167 - - [22/May/2026:07:08:00 +0200] "GET /?s=22909287016608 HTTP/1.1" 200 30661 "-" "Mozilla/5.0 AppleWebKit/537.36 (KHTML, like Gecko; compatible; bingbot/2.0; +http://www.bing.com/bingbot.htm) Chrome/116.0.1938.76 Safari/537.36"
52.167.144.167 - - [22/May/2026:07:08:07 +0200] "GET /?s=1662750039800 HTTP/1.1" 200 30293 "-" "Mozilla/5.0 AppleWebKit/537.36 (KHTML, like Gecko; compatible; bingbot/2.0; +http://www.bing.com/bingbot.htm) Chrome/116.0.1938.76 Safari/537.36"
52.167.144.147 - - [22/May/2026:07:08:12 +0200] "GET /?s=8049946800002 HTTP/1.1" 200 29849 "-" "Mozilla/5.0 AppleWebKit/537.36 (KHTML, like Gecko; compatible; bingbot/2.0; +http://www.bing.com/bingbot.htm) Chrome/116.0.1938.76 Safari/537.36"
185.191.171.1 - - [22/May/2026:07:08:16 +0200] "GET /products/occurs/ud1625576307 HTTP/1.1" 200 3954 "-" "Mozilla/5.0 (compatible; SemrushBot/7~bl; +http://www.semrush.com/bot.html)"
66.249.79.238 - - [22/May/2026:07:08:28 +0200] "GET /?s=01870101264105 HTTP/1.1" 200 30913 "-" "Mozilla/5.0 (Linux; Android 6.0.1; Nexus 5X Build/MMB29P) AppleWebKit/537.36 (KHTML, like Gecko) Chrome/148.0.7778.96 Mobile Safari/537.36 (compatible; Googlebot/2.1; +http://www.google.com/bot.html)"
185.191.171.15 - - [22/May/2026:07:08:28 +0200] "GET /products/winamp/horde16281593744 HTTP/1.1" 200 3954 "-" "Mozilla/5.0 (compatible; SemrushBot/7~bl; +http://www.semrush.com/bot.html)"
66.249.79.72 - - [22/May/2026:07:08:30 +0200] "GET /?s=52021248889606 HTTP/1.1" 200 30699 "-" "Mozilla/5.0 (Linux; Android 6.0.1; Nexus 5X Build/MMB29P) AppleWebKit/537.36 (KHTML, like Gecko) Chrome/148.0.7778.96 Mobile Safari/537.36 (compatible; Googlebot/2.1; +http://www.google.com/bot.html)"
85.208.96.200 - - [22/May/2026:07:08:35 +0200] "GET /products/pri/sbin16271132874 HTTP/1.1" 200 3954 "-" "Mozilla/5.0 (compatible; SemrushBot/7~bl; +http://www.semrush.com/bot.html)"
185.191.171.15 - - [22/May/2026:07:08:46 +0200] "GET /products/upon/murder16312582871 HTTP/1.1" 200 3954 "-" "Mozilla/5.0 (compatible; SemrushBot/7~bl; +http://www.semrush.com/bot.html)"
185.191.171.10 - - [22/May/2026:07:08:54 +0200] "GET /products/vid/winnipeg16312588868 HTTP/1.1" 200 3954 "-" "Mozilla/5.0 (compatible; SemrushBot/7~bl; +http://www.semrush.com/bot.html)"
85.208.96.199 - - [22/May/2026:07:09:23 +0200] "GET /products/warez/porto16281854078 HTTP/1.1" 200 3954 "-" "Mozilla/5.0 (compatible; SemrushBot/7~bl; +http://www.semrush.com/bot.html)"
66.249.79.225 - - [22/May/2026:07:09:24 +0200] "GET /?s=17912229998203 HTTP/1.1" 200 30682 "-" "Mozilla/5.0 (Linux; Android 6.0.1; Nexus 5X Build/MMB29P) AppleWebKit/537.36 (KHTML, like Gecko) Chrome/148.0.7778.96 Mobile Safari/537.36 (compatible; Googlebot/2.1; +http://www.google.com/bot.html)"
66.249.79.74 - - [22/May/2026:07:09:26 +0200] "GET /?s=47827291848607 HTTP/1.1" 200 30494 "-" "Mozilla/5.0 (Linux; Android 6.0.1; Nexus 5X Build/MMB29P) AppleWebKit/537.36 (KHTML, like Gecko) Chrome/148.0.7778.96 Mobile Safari/537.36 (compatible; Googlebot/2.1; +http://www.google.com/bot.html)"
66.249.79.74 - - [22/May/2026:07:09:27 +0200] "GET /?s=097916860810 HTTP/1.1" 200 30294 "-" "Mozilla/5.0 (Linux; Android 6.0.1; Nexus 5X Build/MMB29P) AppleWebKit/537.36 (KHTML, like Gecko) Chrome/148.0.7778.96 Mobile Safari/537.36 (compatible; Googlebot/2.1; +http://www.google.com/bot.html)"
66.249.79.238 - - [22/May/2026:07:09:29 +0200] "GET /?s=01302236323602 HTTP/1.1" 200 30445 "-" "Mozilla/5.0 (Linux; Android 6.0.1; Nexus 5X Build/MMB29P) AppleWebKit/537.36 (KHTML, like Gecko) Chrome/148.0.7778.96 Mobile Safari/537.36 (compatible; Googlebot/2.1; +http://www.google.com/bot.html)"
185.191.171.14 - - [22/May/2026:07:09:53 +0200] "GET /products/opt/frenzy1625538314 HTTP/1.1" 200 3954 "-" "Mozilla/5.0 (compatible; SemrushBot/7~bl; +http://www.semrush.com/bot.html)"
185.191.171.10 - - [22/May/2026:07:09:56 +0200] "GET /products/twiztid/ton1625747040 HTTP/1.1" 200 3954 "-" "Mozilla/5.0 (compatible; SemrushBot/7~bl; +http://www.semrush.com/bot.html)"
66.249.79.238 - - [22/May/2026:07:09:58 +0200] "GET /?s=81971212583800 HTTP/1.1" 200 30491 "-" "Mozilla/5.0 (Linux; Android 6.0.1; Nexus 5X Build/MMB29P) AppleWebKit/537.36 (KHTML, like Gecko) Chrome/148.0.7778.96 Mobile Safari/537.36 (compatible; Googlebot/2.1; +http://www.google.com/bot.html)"
43.135.36.201 - - [22/May/2026:07:09:58 +0200] "GET / HTTP/1.1" 200 3954 "http://www.fits-hosting.de" "Mozilla/5.0 (iPhone; CPU iPhone OS 13_2_3 like Mac OS X) AppleWebKit/605.1.15 (KHTML, like Gecko) Version/13.0.3 Mobile/15E148 Safari/604.1"
85.208.96.195 - - [22/May/2026:07:10:08 +0200] "GET /products/wastes/detect1625647022 HTTP/1.1" 200 3954 "-" "Mozilla/5.0 (compatible; SemrushBot/7~bl; +http://www.semrush.com/bot.html)"
85.208.96.195 - - [22/May/2026:07:10:16 +0200] "GET /products/tune/metal1624101462 HTTP/1.1" 200 3954 "-" "Mozilla/5.0 (compatible; SemrushBot/7~bl; +http://www.semrush.com/bot.html)"
5.255.231.179 - - [22/May/2026:07:10:17 +0200] "GET /robots.txt HTTP/1.1" 200 4059 "-" "Mozilla/5.0 (compatible; YandexBot/3.0; +http://yandex.com/bots)"
85.208.96.193 - - [22/May/2026:07:10:18 +0200] "GET /products/opaque/foul16281488748 HTTP/1.1" 200 3954 "-" "Mozilla/5.0 (compatible; SemrushBot/7~bl; +http://www.semrush.com/bot.html)"
52.167.144.147 - - [22/May/2026:07:10:19 +0200] "GET /?s=7812838672205 HTTP/1.1" 200 30993 "-" "Mozilla/5.0 AppleWebKit/537.36 (KHTML, like Gecko; compatible; bingbot/2.0; +http://www.bing.com/bingbot.htm) Chrome/116.0.1938.76 Safari/537.36"
157.55.39.195 - - [22/May/2026:07:10:24 +0200] "GET /?s=764531561005 HTTP/1.1" 200 30974 "-" "Mozilla/5.0 AppleWebKit/537.36 (KHTML, like Gecko; compatible; bingbot/2.0; +http://www.bing.com/bingbot.htm) Chrome/116.0.1938.76 Safari/537.36"
66.249.79.225 - - [22/May/2026:07:10:29 +0200] "GET /?s=56276141765006 HTTP/1.1" 200 29830 "-" "Mozilla/5.0 (Linux; Android 6.0.1; Nexus 5X Build/MMB29P) AppleWebKit/537.36 (KHTML, like Gecko) Chrome/148.0.7778.96 Mobile Safari/537.36 (compatible; Googlebot/2.1; +http://www.google.com/bot.html)"
66.249.79.238 - - [22/May/2026:07:10:29 +0200] "GET /?s=58542124903604 HTTP/1.1" 200 30325 "-" "Mozilla/5.0 (Linux; Android 6.0.1; Nexus 5X Build/MMB29P) AppleWebKit/537.36 (KHTML, like Gecko) Chrome/148.0.7778.96 Mobile Safari/537.36 (compatible; Googlebot/2.1; +http://www.google.com/bot.html)"
185.191.171.13 - - [22/May/2026:07:10:32 +0200] "GET /products/windsor/floor1625581152 HTTP/1.1" 200 3954 "-" "Mozilla/5.0 (compatible; SemrushBot/7~bl; +http://www.semrush.com/bot.html)"
85.208.96.209 - - [22/May/2026:07:10:37 +0200] "GET /products/warm/pardon1626957712 HTTP/1.1" 200 3954 "-" "Mozilla/5.0 (compatible; SemrushBot/7~bl; +http://www.semrush.com/bot.html)"
85.208.96.211 - - [22/May/2026:07:10:50 +0200] "GET /products/aim/lq1626836480 HTTP/1.1" 200 3954 "-" "Mozilla/5.0 (compatible; SemrushBot/7~bl; +http://www.semrush.com/bot.html)"
185.191.171.4 - - [22/May/2026:07:10:52 +0200] "GET /products/usenet/dolby16312748808 HTTP/1.1" 200 3954 "-" "Mozilla/5.0 (compatible; SemrushBot/7~bl; +http://www.semrush.com/bot.html)"
85.208.96.206 - - [22/May/2026:07:10:59 +0200] "GET /products/whose/aaliyah16281472028 HTTP/1.1" 200 3954 "-" "Mozilla/5.0 (compatible; SemrushBot/7~bl; +http://www.semrush.com/bot.html)"
85.208.96.204 - - [22/May/2026:07:11:01 +0200] "GET /products/valencia/rna1624127356 HTTP/1.1" 200 3954 "-" "Mozilla/5.0 (compatible; SemrushBot/7~bl; +http://www.semrush.com/bot.html)"
85.208.96.208 - - [22/May/2026:07:11:17 +0200] "GET /robots.txt HTTP/1.1" 200 3954 "-" "Mozilla/5.0 (compatible; SemrushBot/7~bl; +http://www.semrush.com/bot.html)"
185.191.171.11 - - [22/May/2026:07:11:19 +0200] "GET /products/nora/fsa16312856302 HTTP/1.1" 200 3954 "-" "Mozilla/5.0 (compatible; SemrushBot/7~bl; +http://www.semrush.com/bot.html)"
85.208.96.209 - - [22/May/2026:07:11:27 +0200] "GET /products/de/primer1625750240 HTTP/1.1" 200 3954 "-" "Mozilla/5.0 (compatible; SemrushBot/7~bl; +http://www.semrush.com/bot.html)"
66.249.79.74 - - [22/May/2026:07:11:51 +0200] "GET /?s=48610123401600 HTTP/1.1" 200 31534 "-" "Mozilla/5.0 (Linux; Android 6.0.1; Nexus 5X Build/MMB29P) AppleWebKit/537.36 (KHTML, like Gecko) Chrome/148.0.7778.96 Mobile Safari/537.36 (compatible; Googlebot/2.1; +http://www.google.com/bot.html)"
66.249.79.224 - - [22/May/2026:07:11:51 +0200] "GET /?s=7289976217001 HTTP/1.1" 200 30637 "-" "Mozilla/5.0 (Linux; Android 6.0.1; Nexus 5X Build/MMB29P) AppleWebKit/537.36 (KHTML, like Gecko) Chrome/148.0.7778.96 Mobile Safari/537.36 (compatible; Googlebot/2.1; +http://www.google.com/bot.html)"
85.208.96.193 - - [22/May/2026:07:11:59 +0200] "GET /products/waltham/hope1626820549 HTTP/1.1" 200 3954 "-" "Mozilla/5.0 (compatible; SemrushBot/7~bl; +http://www.semrush.com/bot.html)"
85.208.96.208 - - [22/May/2026:07:12:21 +0200] "GET /products/wiki/male16292359672 HTTP/1.1" 200 3954 "-" "Mozilla/5.0 (compatible; SemrushBot/7~bl; +http://www.semrush.com/bot.html)"
85.208.96.207 - - [22/May/2026:07:12:28 +0200] "GET /products/ux/rotate1625453930 HTTP/1.1" 200 3954 "-" "Mozilla/5.0 (compatible; SemrushBot/7~bl; +http://www.semrush.com/bot.html)"
66.249.79.225 - - [22/May/2026:07:12:46 +0200] "GET /?s=56281228402400 HTTP/1.1" 200 30526 "-" "Mozilla/5.0 (Linux; Android 6.0.1; Nexus 5X Build/MMB29P) AppleWebKit/537.36 (KHTML, like Gecko) Chrome/148.0.7778.96 Mobile Safari/537.36 (compatible; Googlebot/2.1; +http://www.google.com/bot.html)"
66.249.79.225 - - [22/May/2026:07:12:46 +0200] "GET /shop/userreview/write/product_id=16292078087 HTTP/1.1" 200 30426 "-" "Mozilla/5.0 (Linux; Android 6.0.1; Nexus 5X Build/MMB29P) AppleWebKit/537.36 (KHTML, like Gecko) Chrome/148.0.7778.96 Mobile Safari/537.36 (compatible; Googlebot/2.1; +http://www.google.com/bot.html)"
185.191.171.4 - - [22/May/2026:07:12:59 +0200] "GET /products/utc/estrogen1625335744 HTTP/1.1" 200 3954 "-" "Mozilla/5.0 (compatible; SemrushBot/7~bl; +http://www.semrush.com/bot.html)"
85.208.96.196 - - [22/May/2026:07:13:01 +0200] "GET /products/typedef/unit16312998902 HTTP/1.1" 200 3954 "-" "Mozilla/5.0 (compatible; SemrushBot/7~bl; +http://www.semrush.com/bot.html)"
85.208.96.198 - - [22/May/2026:07:13:06 +0200] "GET /products/emp/pub16312701508 HTTP/1.1" 200 3954 "-" "Mozilla/5.0 (compatible; SemrushBot/7~bl; +http://www.semrush.com/bot.html)"
66.249.79.72 - - [22/May/2026:07:13:14 +0200] "GET /?s=115979503600 HTTP/1.1" 200 30284 "-" "Mozilla/5.0 (Linux; Android 6.0.1; Nexus 5X Build/MMB29P) AppleWebKit/537.36 (KHTML, like Gecko) Chrome/148.0.7778.96 Mobile Safari/537.36 (compatible; Googlebot/2.1; +http://www.google.com/bot.html)"
20.15.133.163 - - [22/May/2026:07:13:34 +0200] "GET /?s=677004812402 HTTP/1.1" 200 30390 "-" "Mozilla/5.0 AppleWebKit/537.36 (KHTML, like Gecko; compatible; bingbot/2.0; +http://www.bing.com/bingbot.htm) Chrome/116.0.1938.76 Safari/537.36"
185.191.171.13 - - [22/May/2026:07:13:40 +0200] "GET /products/uae/dressed1625728736 HTTP/1.1" 200 3954 "-" "Mozilla/5.0 (compatible; SemrushBot/7~bl; +http://www.semrush.com/bot.html)"
185.191.171.4 - - [22/May/2026:07:13:53 +0200] "GET /products/palma/hx1626834214 HTTP/1.1" 200 3954 "-" "Mozilla/5.0 (compatible; SemrushBot/7~bl; +http://www.semrush.com/bot.html)"
185.191.171.10 - - [22/May/2026:07:14:01 +0200] "GET /products/obese/celine16313032377 HTTP/1.1" 200 3954 "-" "Mozilla/5.0 (compatible; SemrushBot/7~bl; +http://www.semrush.com/bot.html)"
207.46.13.151 - - [22/May/2026:07:14:06 +0200] "GET /?s=21488146949003 HTTP/1.1" 200 30841 "-" "Mozilla/5.0 AppleWebKit/537.36 (KHTML, like Gecko; compatible; bingbot/2.0; +http://www.bing.com/bingbot.htm) Chrome/116.0.1938.76 Safari/537.36"
66.249.79.224 - - [22/May/2026:07:14:09 +0200] "GET /?s=4059968171806 HTTP/1.1" 200 29929 "-" "Mozilla/5.0 (Linux; Android 6.0.1; Nexus 5X Build/MMB29P) AppleWebKit/537.36 (KHTML, like Gecko) Chrome/148.0.7778.96 Mobile Safari/537.36 (compatible; Googlebot/2.1; +http://www.google.com/bot.html)"
198.244.183.189 - - [22/May/2026:07:14:10 +0200] "GET /products/prescott/lanka16292104469 HTTP/1.1" 200 3954 "-" "Mozilla/5.0 (compatible; AhrefsBot/7.0; +http://ahrefs.com/robot/)"
52.167.144.147 - - [22/May/2026:07:14:10 +0200] "GET /?s=725258783800 HTTP/1.1" 200 29731 "-" "Mozilla/5.0 AppleWebKit/537.36 (KHTML, like Gecko; compatible; bingbot/2.0; +http://www.bing.com/bingbot.htm) Chrome/116.0.1938.76 Safari/537.36"
52.167.144.167 - - [22/May/2026:07:14:15 +0200] "GET /?s=7702919409000 HTTP/1.1" 200 31170 "-" "Mozilla/5.0 AppleWebKit/537.36 (KHTML, like Gecko; compatible; bingbot/2.0; +http://www.bing.com/bingbot.htm) Chrome/116.0.1938.76 Safari/537.36"
85.208.96.206 - - [22/May/2026:07:14:17 +0200] "GET /products/wage/diffs16292089052 HTTP/1.1" 200 3954 "-" "Mozilla/5.0 (compatible; SemrushBot/7~bl; +http://www.semrush.com/bot.html)"
85.208.96.206 - - [22/May/2026:07:14:20 +0200] "GET /products/waived/wolfe16281375312 HTTP/1.1" 200 3954 "-" "Mozilla/5.0 (compatible; SemrushBot/7~bl; +http://www.semrush.com/bot.html)"
85.208.96.195 - - [22/May/2026:07:14:29 +0200] "GET /products/onsite/mixers16292195255 HTTP/1.1" 200 3954 "-" "Mozilla/5.0 (compatible; SemrushBot/7~bl; +http://www.semrush.com/bot.html)"
85.208.96.198 - - [22/May/2026:07:14:32 +0200] "GET /products/advise/xf1625754756 HTTP/1.1" 200 3954 "-" "Mozilla/5.0 (compatible; SemrushBot/7~bl; +http://www.semrush.com/bot.html)"
207.46.13.151 - - [22/May/2026:07:14:35 +0200] "GET /?s=12220191768204 HTTP/1.1" 200 30212 "-" "Mozilla/5.0 AppleWebKit/537.36 (KHTML, like Gecko; compatible; bingbot/2.0; +http://www.bing.com/bingbot.htm) Chrome/116.0.1938.76 Safari/537.36"
185.191.171.10 - - [22/May/2026:07:14:37 +0200] "GET /products/tires/fda1625325923 HTTP/1.1" 200 3954 "-" "Mozilla/5.0 (compatible; SemrushBot/7~bl; +http://www.semrush.com/bot.html)"
185.191.171.5 - - [22/May/2026:07:14:51 +0200] "GET /products/vac/texans1625719098 HTTP/1.1" 200 3954 "-" "Mozilla/5.0 (compatible; SemrushBot/7~bl; +http://www.semrush.com/bot.html)"
185.191.171.18 - - [22/May/2026:07:14:53 +0200] "GET /products/unnamed/bite1626808321 HTTP/1.1" 200 3954 "-" "Mozilla/5.0 (compatible; SemrushBot/7~bl; +http://www.semrush.com/bot.html)"
85.208.96.211 - - [22/May/2026:07:15:02 +0200] "GET /products/twin/manor1624107883 HTTP/1.1" 200 3954 "-" "Mozilla/5.0 (compatible; SemrushBot/7~bl; +http://www.semrush.com/bot.html)"
66.249.79.224 - - [22/May/2026:07:15:04 +0200] "GET /?s=9718952088806 HTTP/1.1" 200 30328 "-" "Mozilla/5.0 (Linux; Android 6.0.1; Nexus 5X Build/MMB29P) AppleWebKit/537.36 (KHTML, like Gecko) Chrome/148.0.7778.96 Mobile Safari/537.36 (compatible; Googlebot/2.1; +http://www.google.com/bot.html)"
207.46.13.151 - - [22/May/2026:07:15:05 +0200] "GET /?s=00007214905604 HTTP/1.1" 200 30638 "-" "Mozilla/5.0 AppleWebKit/537.36 (KHTML, like Gecko; compatible; bingbot/2.0; +http://www.bing.com/bingbot.htm) Chrome/116.0.1938.76 Safari/537.36"
85.208.96.193 - - [22/May/2026:07:15:13 +0200] "GET /products/ocean/dlp16271292520 HTTP/1.1" 200 3954 "-" "Mozilla/5.0 (compatible; SemrushBot/7~bl; +http://www.semrush.com/bot.html)"
20.15.133.191 - - [22/May/2026:07:15:14 +0200] "GET /?s=02928281617805 HTTP/1.1" 200 30996 "-" "Mozilla/5.0 AppleWebKit/537.36 (KHTML, like Gecko; compatible; bingbot/2.0; +http://www.bing.com/bingbot.htm) Chrome/116.0.1938.76 Safari/537.36"
185.191.171.8 - - [22/May/2026:07:15:19 +0200] "GET /products/whales/guilty16281704817 HTTP/1.1" 200 3954 "-" "Mozilla/5.0 (compatible; SemrushBot/7~bl; +http://www.semrush.com/bot.html)"
85.208.96.208 - - [22/May/2026:07:15:27 +0200] "GET /products/viewing/yoga16292303148 HTTP/1.1" 200 3954 "-" "Mozilla/5.0 (compatible; SemrushBot/7~bl; +http://www.semrush.com/bot.html)"
185.191.171.11 - - [22/May/2026:07:16:00 +0200] "GET /products/wei/headings16281572594 HTTP/1.1" 200 3954 "-" "Mozilla/5.0 (compatible; SemrushBot/7~bl; +http://www.semrush.com/bot.html)"
185.191.171.13 - - [22/May/2026:07:16:15 +0200] "GET /products/wilderness/tds1624239701 HTTP/1.1" 200 3954 "-" "Mozilla/5.0 (compatible; SemrushBot/7~bl; +http://www.semrush.com/bot.html)"
66.249.79.74 - - [22/May/2026:07:16:27 +0200] "GET /?s=01713207325305 HTTP/1.1" 200 30992 "-" "Mozilla/5.0 (Linux; Android 6.0.1; Nexus 5X Build/MMB29P) AppleWebKit/537.36 (KHTML, like Gecko) Chrome/148.0.7778.96 Mobile Safari/537.36 (compatible; Googlebot/2.1; +http://www.google.com/bot.html)"
66.249.79.225 - - [22/May/2026:07:16:29 +0200] "GET /?s=3700560663316 HTTP/1.1" 200 30065 "-" "Mozilla/5.0 (Linux; Android 6.0.1; Nexus 5X Build/MMB29P) AppleWebKit/537.36 (KHTML, like Gecko) Chrome/148.0.7778.96 Mobile Safari/537.36 (compatible; Googlebot/2.1; +http://www.google.com/bot.html)"
85.208.96.198 - - [22/May/2026:07:16:41 +0200] "GET /products/index/sg1625546083 HTTP/1.1" 200 3954 "-" "Mozilla/5.0 (compatible; SemrushBot/7~bl; +http://www.semrush.com/bot.html)"
185.191.171.11 - - [22/May/2026:07:16:49 +0200] "GET /products/ciao/or16271100017 HTTP/1.1" 200 3954 "-" "Mozilla/5.0 (compatible; SemrushBot/7~bl; +http://www.semrush.com/bot.html)"
85.208.96.196 - - [22/May/2026:07:16:58 +0200] "GET /products/width/gentle162468029 HTTP/1.1" 200 3954 "-" "Mozilla/5.0 (compatible; SemrushBot/7~bl; +http://www.semrush.com/bot.html)"
185.191.171.5 - - [22/May/2026:07:17:07 +0200] "GET /products/exits/ur16313027320 HTTP/1.1" 200 3954 "-" "Mozilla/5.0 (compatible; SemrushBot/7~bl; +http://www.semrush.com/bot.html)"
66.249.79.72 - - [22/May/2026:07:17:36 +0200] "GET /?s=217098509803 HTTP/1.1" 200 30521 "-" "Mozilla/5.0 (Linux; Android 6.0.1; Nexus 5X Build/MMB29P) AppleWebKit/537.36 (KHTML, like Gecko) Chrome/148.0.7778.96 Mobile Safari/537.36 (compatible; Googlebot/2.1; +http://www.google.com/bot.html)"
85.208.96.206 - - [22/May/2026:07:17:41 +0200] "GET /products/ud/exposure16271102158 HTTP/1.1" 200 3954 "-" "Mozilla/5.0 (compatible; SemrushBot/7~bl; +http://www.semrush.com/bot.html)"
40.77.167.123 - - [22/May/2026:07:17:48 +0200] "GET /?s=13300281820803 HTTP/1.1" 200 30683 "-" "Mozilla/5.0 AppleWebKit/537.36 (KHTML, like Gecko; compatible; bingbot/2.0; +http://www.bing.com/bingbot.htm) Chrome/116.0.1938.76 Safari/537.36"
85.208.96.208 - - [22/May/2026:07:17:53 +0200] "GET /products/ns/upgrades16302404730 HTTP/1.1" 200 3954 "-" "Mozilla/5.0 (compatible; SemrushBot/7~bl; +http://www.semrush.com/bot.html)"
66.249.79.74 - - [22/May/2026:07:18:04 +0200] "GET /?s=18901185649606 HTTP/1.1" 200 30172 "-" "Mozilla/5.0 (Linux; Android 6.0.1; Nexus 5X Build/MMB29P) AppleWebKit/537.36 (KHTML, like Gecko) Chrome/148.0.7778.96 Mobile Safari/537.36 (compatible; Googlebot/2.1; +http://www.google.com/bot.html)"
185.191.171.7 - - [22/May/2026:07:18:12 +0200] "GET /products/lisp/cf16271324759 HTTP/1.1" 200 3954 "-" "Mozilla/5.0 (compatible; SemrushBot/7~bl; +http://www.semrush.com/bot.html)"
185.191.171.14 - - [22/May/2026:07:18:26 +0200] "GET /products/whip/any1625380061 HTTP/1.1" 200 3954 "-" "Mozilla/5.0 (compatible; SemrushBot/7~bl; +http://www.semrush.com/bot.html)"
66.249.79.72 - - [22/May/2026:07:18:33 +0200] "GET /?s=7220415445300 HTTP/1.1" 200 31153 "-" "Mozilla/5.0 (Linux; Android 6.0.1; Nexus 5X Build/MMB29P) AppleWebKit/537.36 (KHTML, like Gecko) Chrome/148.0.7778.96 Mobile Safari/537.36 (compatible; Googlebot/2.1; +http://www.google.com/bot.html)"
66.249.79.73 - - [22/May/2026:07:18:34 +0200] "GET /?s=7494053007100 HTTP/1.1" 200 30465 "-" "Mozilla/5.0 (Linux; Android 6.0.1; Nexus 5X Build/MMB29P) AppleWebKit/537.36 (KHTML, like Gecko) Chrome/148.0.7778.96 Mobile Safari/537.36 (compatible; Googlebot/2.1; +http://www.google.com/bot.html)"
85.208.96.206 - - [22/May/2026:07:18:37 +0200] "GET /products/rally/mev1626858053 HTTP/1.1" 200 3954 "-" "Mozilla/5.0 (compatible; SemrushBot/7~bl; +http://www.semrush.com/bot.html)"
185.191.171.15 - - [22/May/2026:07:18:41 +0200] "GET /products/goa/rise16292302698 HTTP/1.1" 200 3954 "-" "Mozilla/5.0 (compatible; SemrushBot/7~bl; +http://www.semrush.com/bot.html)"
185.191.171.15 - - [22/May/2026:07:18:48 +0200] "GET /products/wx/npr16291949487 HTTP/1.1" 200 3954 "-" "Mozilla/5.0 (compatible; SemrushBot/7~bl; +http://www.semrush.com/bot.html)"
185.191.171.12 - - [22/May/2026:07:18:51 +0200] "GET /products/xxxx/gulf16312843004 HTTP/1.1" 200 3954 "-" "Mozilla/5.0 (compatible; SemrushBot/7~bl; +http://www.semrush.com/bot.html)"
85.208.96.198 - - [22/May/2026:07:18:53 +0200] "GET /products/vis/mir1625475815 HTTP/1.1" 200 3954 "-" "Mozilla/5.0 (compatible; SemrushBot/7~bl; +http://www.semrush.com/bot.html)"
185.191.171.13 - - [22/May/2026:07:18:56 +0200] "GET /products/orgy/remark16302387365 HTTP/1.1" 200 3954 "-" "Mozilla/5.0 (compatible; SemrushBot/7~bl; +http://www.semrush.com/bot.html)"
85.208.96.208 - - [22/May/2026:07:19:04 +0200] "GET /products/upto/acta16292232428 HTTP/1.1" 200 3954 "-" "Mozilla/5.0 (compatible; SemrushBot/7~bl; +http://www.semrush.com/bot.html)"
40.77.167.62 - - [22/May/2026:07:19:10 +0200] "GET /?s=1128842481402 HTTP/1.1" 200 30699 "-" "Mozilla/5.0 AppleWebKit/537.36 (KHTML, like Gecko; compatible; bingbot/2.0; +http://www.bing.com/bingbot.htm) Chrome/116.0.1938.76 Safari/537.36"
185.191.171.15 - - [22/May/2026:07:19:14 +0200] "GET /products/off/shots16271083734 HTTP/1.1" 200 3954 "-" "Mozilla/5.0 (compatible; SemrushBot/7~bl; +http://www.semrush.com/bot.html)"
40.77.167.123 - - [22/May/2026:07:19:22 +0200] "GET /?s=98229276513200 HTTP/1.1" 200 30848 "-" "Mozilla/5.0 AppleWebKit/537.36 (KHTML, like Gecko; compatible; bingbot/2.0; +http://www.bing.com/bingbot.htm) Chrome/116.0.1938.76 Safari/537.36"
185.191.171.2 - - [22/May/2026:07:19:32 +0200] "GET /products/pub/sub16312681728 HTTP/1.1" 200 3954 "-" "Mozilla/5.0 (compatible; SemrushBot/7~bl; +http://www.semrush.com/bot.html)"
207.46.13.151 - - [22/May/2026:07:19:40 +0200] "GET /?s=21977296855000 HTTP/1.1" 200 30338 "-" "Mozilla/5.0 AppleWebKit/537.36 (KHTML, like Gecko; compatible; bingbot/2.0; +http://www.bing.com/bingbot.htm) Chrome/116.0.1938.76 Safari/537.36"
40.77.167.62 - - [22/May/2026:07:19:50 +0200] "GET /?s=22713238108604 HTTP/1.1" 200 30401 "-" "Mozilla/5.0 AppleWebKit/537.36 (KHTML, like Gecko; compatible; bingbot/2.0; +http://www.bing.com/bingbot.htm) Chrome/116.0.1938.76 Safari/537.36"
66.249.79.72 - - [22/May/2026:07:19:55 +0200] "GET /?s=5090383559300 HTTP/1.1" 200 30240 "-" "Mozilla/5.0 (Linux; Android 6.0.1; Nexus 5X Build/MMB29P) AppleWebKit/537.36 (KHTML, like Gecko) Chrome/148.0.7778.96 Mobile Safari/537.36 (compatible; Googlebot/2.1; +http://www.google.com/bot.html)"
66.249.79.73 - - [22/May/2026:07:19:55 +0200] "GET /?s=9566283253704 HTTP/1.1" 200 30839 "-" "Mozilla/5.0 (Linux; Android 6.0.1; Nexus 5X Build/MMB29P) AppleWebKit/537.36 (KHTML, like Gecko) Chrome/148.0.7778.96 Mobile Safari/537.36 (compatible; Googlebot/2.1; +http://www.google.com/bot.html)"
66.249.79.225 - - [22/May/2026:07:19:56 +0200] "GET /shop/cart/cart/?c=1626863632 HTTP/1.1" 200 3954 "-" "Mozilla/5.0 (Linux; Android 6.0.1; Nexus 5X Build/MMB29P) AppleWebKit/537.36 (KHTML, like Gecko) Chrome/148.0.7778.96 Mobile Safari/537.36 (compatible; Googlebot/2.1; +http://www.google.com/bot.html)"
66.249.79.73 - - [22/May/2026:07:19:56 +0200] "GET /?s=68922252033903 HTTP/1.1" 200 31323 "-" "Mozilla/5.0 (Linux; Android 6.0.1; Nexus 5X Build/MMB29P) AppleWebKit/537.36 (KHTML, like Gecko) Chrome/148.0.7778.96 Mobile Safari/537.36 (compatible; Googlebot/2.1; +http://www.google.com/bot.html)"
85.208.96.211 - - [22/May/2026:07:20:01 +0200] "GET /products/water/rotate16281754216 HTTP/1.1" 200 3954 "-" "Mozilla/5.0 (compatible; SemrushBot/7~bl; +http://www.semrush.com/bot.html)"
185.191.171.12 - - [22/May/2026:07:20:09 +0200] "GET /products/win/enclosures1626913815 HTTP/1.1" 200 3954 "-" "Mozilla/5.0 (compatible; SemrushBot/7~bl; +http://www.semrush.com/bot.html)"
185.191.171.18 - - [22/May/2026:07:20:15 +0200] "GET /products/wma/palace16302504664 HTTP/1.1" 200 3954 "-" "Mozilla/5.0 (compatible; SemrushBot/7~bl; +http://www.semrush.com/bot.html)"
66.249.79.72 - - [22/May/2026:07:20:26 +0200] "GET /?s=20818133393206 HTTP/1.1" 200 30560 "-" "Mozilla/5.0 (Linux; Android 6.0.1; Nexus 5X Build/MMB29P) AppleWebKit/537.36 (KHTML, like Gecko) Chrome/148.0.7778.96 Mobile Safari/537.36 (compatible; Googlebot/2.1; +http://www.google.com/bot.html)"
66.249.79.74 - - [22/May/2026:07:20:27 +0200] "GET /?s=07970237703805 HTTP/1.1" 200 31012 "-" "Mozilla/5.0 (Linux; Android 6.0.1; Nexus 5X Build/MMB29P) AppleWebKit/537.36 (KHTML, like Gecko) Chrome/148.0.7778.96 Mobile Safari/537.36 (compatible; Googlebot/2.1; +http://www.google.com/bot.html)"
185.191.171.1 - - [22/May/2026:07:20:53 +0200] "GET /products/wolf/markings1625496843 HTTP/1.1" 200 3954 "-" "Mozilla/5.0 (compatible; SemrushBot/7~bl; +http://www.semrush.com/bot.html)"
66.249.79.73 - - [22/May/2026:07:20:54 +0200] "GET /?s=3920688903602 HTTP/1.1" 200 30723 "-" "Mozilla/5.0 (Linux; Android 6.0.1; Nexus 5X Build/MMB29P) AppleWebKit/537.36 (KHTML, like Gecko) Chrome/148.0.7778.96 Mobile Safari/537.36 (compatible; Googlebot/2.1; +http://www.google.com/bot.html)"
85.208.96.198 - - [22/May/2026:07:20:58 +0200] "GET /products/want/lolita162469084 HTTP/1.1" 200 3954 "-" "Mozilla/5.0 (compatible; SemrushBot/7~bl; +http://www.semrush.com/bot.html)"
51.195.215.224 - - [22/May/2026:07:21:06 +0200] "GET /products/chandler/virgin1626863136 HTTP/1.1" 200 3954 "-" "Mozilla/5.0 (compatible; AhrefsBot/7.0; +http://ahrefs.com/robot/)"
185.191.171.2 - - [22/May/2026:07:21:09 +0200] "GET /products/visitors/tits1624262209 HTTP/1.1" 200 3954 "-" "Mozilla/5.0 (compatible; SemrushBot/7~bl; +http://www.semrush.com/bot.html)"
185.191.171.2 - - [22/May/2026:07:21:13 +0200] "GET /products/jumped/ve1625747098 HTTP/1.1" 200 3954 "-" "Mozilla/5.0 (compatible; SemrushBot/7~bl; +http://www.semrush.com/bot.html)"
66.249.79.74 - - [22/May/2026:07:21:22 +0200] "GET /?s=24327117121205 HTTP/1.1" 200 30316 "-" "Mozilla/5.0 (Linux; Android 6.0.1; Nexus 5X Build/MMB29P) AppleWebKit/537.36 (KHTML, like Gecko) Chrome/148.0.7778.96 Mobile Safari/537.36 (compatible; Googlebot/2.1; +http://www.google.com/bot.html)"
66.249.79.72 - - [22/May/2026:07:21:23 +0200] "GET /?s=04121279920802 HTTP/1.1" 200 30030 "-" "Mozilla/5.0 (Linux; Android 6.0.1; Nexus 5X Build/MMB29P) AppleWebKit/537.36 (KHTML, like Gecko) Chrome/148.0.7778.96 Mobile Safari/537.36 (compatible; Googlebot/2.1; +http://www.google.com/bot.html)"
185.191.171.1 - - [22/May/2026:07:21:45 +0200] "GET /products/win/paper16271159821 HTTP/1.1" 200 3954 "-" "Mozilla/5.0 (compatible; SemrushBot/7~bl; +http://www.semrush.com/bot.html)"
85.208.96.200 - - [22/May/2026:07:21:55 +0200] "GET /products/tulsa/dealing1625323891 HTTP/1.1" 200 3954 "-" "Mozilla/5.0 (compatible; SemrushBot/7~bl; +http://www.semrush.com/bot.html)"
85.208.96.193 - - [22/May/2026:07:22:14 +0200] "GET /products/twiztid/ton1625687040 HTTP/1.1" 200 3954 "-" "Mozilla/5.0 (compatible; SemrushBot/7~bl; +http://www.semrush.com/bot.html)"
66.249.79.72 - - [22/May/2026:07:22:15 +0200] "GET /?s=30016275598404 HTTP/1.1" 200 31078 "-" "Mozilla/5.0 (Linux; Android 6.0.1; Nexus 5X Build/MMB29P) AppleWebKit/537.36 (KHTML, like Gecko) Chrome/148.0.7778.96 Mobile Safari/537.36 (compatible; Googlebot/2.1; +http://www.google.com/bot.html)"
66.249.79.74 - - [22/May/2026:07:22:16 +0200] "GET /?s=27143168854202 HTTP/1.1" 200 31045 "-" "Mozilla/5.0 (Linux; Android 6.0.1; Nexus 5X Build/MMB29P) AppleWebKit/537.36 (KHTML, like Gecko) Chrome/148.0.7778.96 Mobile Safari/537.36 (compatible; Googlebot/2.1; +http://www.google.com/bot.html)"
185.191.171.12 - - [22/May/2026:07:22:31 +0200] "GET /products/wrapping/fore16271235011 HTTP/1.1" 200 3954 "-" "Mozilla/5.0 (compatible; SemrushBot/7~bl; +http://www.semrush.com/bot.html)"
20.15.133.191 - - [22/May/2026:07:22:33 +0200] "GET /?s=96426258175400 HTTP/1.1" 200 31371 "-" "Mozilla/5.0 AppleWebKit/537.36 (KHTML, like Gecko; compatible; bingbot/2.0; +http://www.bing.com/bingbot.htm) Chrome/116.0.1938.76 Safari/537.36"
185.191.171.1 - - [22/May/2026:07:22:36 +0200] "GET /products/dun/does16261040186 HTTP/1.1" 200 3954 "-" "Mozilla/5.0 (compatible; SemrushBot/7~bl; +http://www.semrush.com/bot.html)"
85.208.96.207 - - [22/May/2026:07:22:43 +0200] "GET /products/wight/flavors1625413262 HTTP/1.1" 200 3954 "-" "Mozilla/5.0 (compatible; SemrushBot/7~bl; +http://www.semrush.com/bot.html)"
66.249.79.224 - - [22/May/2026:07:22:43 +0200] "GET /?s=2677472578800 HTTP/1.1" 200 31971 "-" "Mozilla/5.0 (Linux; Android 6.0.1; Nexus 5X Build/MMB29P) AppleWebKit/537.36 (KHTML, like Gecko) Chrome/148.0.7778.96 Mobile Safari/537.36 (compatible; Googlebot/2.1; +http://www.google.com/bot.html)"
20.15.133.191 - - [22/May/2026:07:22:45 +0200] "GET /?s=1972719464400 HTTP/1.1" 200 30279 "-" "Mozilla/5.0 AppleWebKit/537.36 (KHTML, like Gecko; compatible; bingbot/2.0; +http://www.bing.com/bingbot.htm) Chrome/116.0.1938.76 Safari/537.36"
85.208.96.197 - - [22/May/2026:07:22:53 +0200] "GET /products/tuna/clicks16313006179 HTTP/1.1" 200 3954 "-" "Mozilla/5.0 (compatible; SemrushBot/7~bl; +http://www.semrush.com/bot.html)"
185.191.171.16 - - [22/May/2026:07:22:55 +0200] "GET /products/dg/cached1625624699 HTTP/1.1" 200 3954 "-" "Mozilla/5.0 (compatible; SemrushBot/7~bl; +http://www.semrush.com/bot.html)"
185.191.171.4 - - [22/May/2026:07:23:05 +0200] "GET /products/philly/h1624140227 HTTP/1.1" 200 3954 "-" "Mozilla/5.0 (compatible; SemrushBot/7~bl; +http://www.semrush.com/bot.html)"
185.191.171.14 - - [22/May/2026:07:23:12 +0200] "GET /products/with/motivate1626917635 HTTP/1.1" 200 3954 "-" "Mozilla/5.0 (compatible; SemrushBot/7~bl; +http://www.semrush.com/bot.html)"
185.191.171.14 - - [22/May/2026:07:23:15 +0200] "GET /products/cajun/w16281619211 HTTP/1.1" 200 3954 "-" "Mozilla/5.0 (compatible; SemrushBot/7~bl; +http://www.semrush.com/bot.html)"
66.249.79.73 - - [22/May/2026:07:23:20 +0200] "GET /?s=68759238808600 HTTP/1.1" 200 31186 "-" "Mozilla/5.0 (Linux; Android 6.0.1; Nexus 5X Build/MMB29P) AppleWebKit/537.36 (KHTML, like Gecko) Chrome/148.0.7778.96 Mobile Safari/537.36 (compatible; Googlebot/2.1; +http://www.google.com/bot.html)"
85.208.96.206 - - [22/May/2026:07:23:32 +0200] "GET /products/verse/soonest1625367516 HTTP/1.1" 200 3954 "-" "Mozilla/5.0 (compatible; SemrushBot/7~bl; +http://www.semrush.com/bot.html)"
185.191.171.1 - - [22/May/2026:07:23:37 +0200] "GET /products/rio/bbc16281421929 HTTP/1.1" 200 3954 "-" "Mozilla/5.0 (compatible; SemrushBot/7~bl; +http://www.semrush.com/bot.html)"
185.191.171.14 - - [22/May/2026:07:24:01 +0200] "GET /products/ver/statements1626981695 HTTP/1.1" 200 3954 "-" "Mozilla/5.0 (compatible; SemrushBot/7~bl; +http://www.semrush.com/bot.html)"
66.249.79.72 - - [22/May/2026:07:24:14 +0200] "GET /?s=82114259863013 HTTP/1.1" 200 29580 "-" "Mozilla/5.0 (Linux; Android 6.0.1; Nexus 5X Build/MMB29P) AppleWebKit/537.36 (KHTML, like Gecko) Chrome/148.0.7778.96 Mobile Safari/537.36 (compatible; Googlebot/2.1; +http://www.google.com/bot.html)"
185.191.171.2 - - [22/May/2026:07:24:19 +0200] "GET /products/wd/irritation16292138119 HTTP/1.1" 200 3954 "-" "Mozilla/5.0 (compatible; SemrushBot/7~bl; +http://www.semrush.com/bot.html)"
185.191.171.11 - - [22/May/2026:07:24:28 +0200] "GET /products/weed/identify16271201459 HTTP/1.1" 200 3954 "-" "Mozilla/5.0 (compatible; SemrushBot/7~bl; +http://www.semrush.com/bot.html)"
51.195.215.116 - - [22/May/2026:07:24:40 +0200] "GET /products/championships/weave162570172074 HTTP/1.1" 200 3954 "-" "Mozilla/5.0 (compatible; AhrefsBot/7.0; +http://ahrefs.com/robot/)"
185.191.171.1 - - [22/May/2026:07:24:58 +0200] "GET /products/vampires/isuzu1624112710 HTTP/1.1" 200 3954 "-" "Mozilla/5.0 (compatible; SemrushBot/7~bl; +http://www.semrush.com/bot.html)"
185.191.171.12 - - [22/May/2026:07:25:01 +0200] "GET /products/waters/rrp16292026301 HTTP/1.1" 200 3954 "-" "Mozilla/5.0 (compatible; SemrushBot/7~bl; +http://www.semrush.com/bot.html)"
185.191.171.12 - - [22/May/2026:07:25:09 +0200] "GET /products/zoology/latin1626901621 HTTP/1.1" 200 3954 "-" "Mozilla/5.0 (compatible; SemrushBot/7~bl; +http://www.semrush.com/bot.html)"
185.191.171.5 - - [22/May/2026:07:25:31 +0200] "GET /products/wallis/nhl1625546018 HTTP/1.1" 200 3954 "-" "Mozilla/5.0 (compatible; SemrushBot/7~bl; +http://www.semrush.com/bot.html)"
40.77.167.62 - - [22/May/2026:07:25:36 +0200] "GET /?s=13689182982401 HTTP/1.1" 200 30478 "-" "Mozilla/5.0 AppleWebKit/537.36 (KHTML, like Gecko; compatible; bingbot/2.0; +http://www.bing.com/bingbot.htm) Chrome/116.0.1938.76 Safari/537.36"
66.249.79.72 - - [22/May/2026:07:25:37 +0200] "GET /?s=02719141759602 HTTP/1.1" 200 30905 "-" "Mozilla/5.0 (Linux; Android 6.0.1; Nexus 5X Build/MMB29P) AppleWebKit/537.36 (KHTML, like Gecko) Chrome/148.0.7778.96 Mobile Safari/537.36 (compatible; Googlebot/2.1; +http://www.google.com/bot.html)"
85.208.96.194 - - [22/May/2026:07:25:54 +0200] "GET /products/when/least1626920110 HTTP/1.1" 200 3954 "-" "Mozilla/5.0 (compatible; SemrushBot/7~bl; +http://www.semrush.com/bot.html)"
85.208.96.209 - - [22/May/2026:07:26:01 +0200] "GET /products/validity/pas16312667092 HTTP/1.1" 200 3954 "-" "Mozilla/5.0 (compatible; SemrushBot/7~bl; +http://www.semrush.com/bot.html)"
66.249.79.225 - - [22/May/2026:07:26:06 +0200] "GET /?s=0991950657607 HTTP/1.1" 200 29600 "-" "Mozilla/5.0 (Linux; Android 6.0.1; Nexus 5X Build/MMB29P) AppleWebKit/537.36 (KHTML, like Gecko) Chrome/148.0.7778.96 Mobile Safari/537.36 (compatible; Googlebot/2.1; +http://www.google.com/bot.html)"
85.208.96.204 - - [22/May/2026:07:26:24 +0200] "GET /products/wounded/supper1625554304 HTTP/1.1" 200 3954 "-" "Mozilla/5.0 (compatible; SemrushBot/7~bl; +http://www.semrush.com/bot.html)"
185.191.171.1 - - [22/May/2026:07:26:41 +0200] "GET /products/unlawful/amd1625744503 HTTP/1.1" 200 3954 "-" "Mozilla/5.0 (compatible; SemrushBot/7~bl; +http://www.semrush.com/bot.html)"
185.191.171.7 - - [22/May/2026:07:26:44 +0200] "GET /products/v/partners1625481378 HTTP/1.1" 200 3954 "-" "Mozilla/5.0 (compatible; SemrushBot/7~bl; +http://www.semrush.com/bot.html)"
85.208.96.212 - - [22/May/2026:07:26:51 +0200] "GET /products/weeks/literal16312570376 HTTP/1.1" 200 3954 "-" "Mozilla/5.0 (compatible; SemrushBot/7~bl; +http://www.semrush.com/bot.html)"
85.208.96.194 - - [22/May/2026:07:26:55 +0200] "GET /products/villa/debt16292060268 HTTP/1.1" 200 3954 "-" "Mozilla/5.0 (compatible; SemrushBot/7~bl; +http://www.semrush.com/bot.html)"
51.195.244.190 - - [22/May/2026:07:26:59 +0200] "GET /products/champagne/specify16281802648 HTTP/1.1" 200 3954 "-" "Mozilla/5.0 (compatible; AhrefsBot/7.0; +http://ahrefs.com/robot/)"
85.208.96.199 - - [22/May/2026:07:27:06 +0200] "GET /products/nv/broadcasts16292192284 HTTP/1.1" 200 3954 "-" "Mozilla/5.0 (compatible; SemrushBot/7~bl; +http://www.semrush.com/bot.html)"
85.208.96.199 - - [22/May/2026:07:27:09 +0200] "GET /products/winxp/surrey16281667142 HTTP/1.1" 200 3954 "-" "Mozilla/5.0 (compatible; SemrushBot/7~bl; +http://www.semrush.com/bot.html)"
40.77.167.62 - - [22/May/2026:07:27:10 +0200] "GET /?s=47501228148601 HTTP/1.1" 200 30391 "-" "Mozilla/5.0 AppleWebKit/537.36 (KHTML, like Gecko; compatible; bingbot/2.0; +http://www.bing.com/bingbot.htm) Chrome/116.0.1938.76 Safari/537.36"
40.77.167.62 - - [22/May/2026:07:27:10 +0200] "GET /?s=21818154661600 HTTP/1.1" 200 30905 "-" "Mozilla/5.0 AppleWebKit/537.36 (KHTML, like Gecko; compatible; bingbot/2.0; +http://www.bing.com/bingbot.htm) Chrome/116.0.1938.76 Safari/537.36"
198.244.168.91 - - [22/May/2026:07:27:11 +0200] "GET /products/cf/sending16281422682 HTTP/1.1" 200 3954 "-" "Mozilla/5.0 (compatible; AhrefsBot/7.0; +http://ahrefs.com/robot/)"
40.77.167.123 - - [22/May/2026:07:27:14 +0200] "GET /?s=26516211504804 HTTP/1.1" 200 31432 "-" "Mozilla/5.0 AppleWebKit/537.36 (KHTML, like Gecko; compatible; bingbot/2.0; +http://www.bing.com/bingbot.htm) Chrome/116.0.1938.76 Safari/537.36"
85.208.96.193 - - [22/May/2026:07:27:24 +0200] "GET /products/gum/pei16281617428 HTTP/1.1" 200 3954 "-" "Mozilla/5.0 (compatible; SemrushBot/7~bl; +http://www.semrush.com/bot.html)"
66.249.79.225 - - [22/May/2026:07:27:29 +0200] "GET /?s=50273156534404 HTTP/1.1" 200 30877 "-" "Mozilla/5.0 (Linux; Android 6.0.1; Nexus 5X Build/MMB29P) AppleWebKit/537.36 (KHTML, like Gecko) Chrome/148.0.7778.96 Mobile Safari/537.36 (compatible; Googlebot/2.1; +http://www.google.com/bot.html)"
20.15.133.191 - - [22/May/2026:07:27:36 +0200] "GET /?s=9483659765005 HTTP/1.1" 200 31210 "-" "Mozilla/5.0 AppleWebKit/537.36 (KHTML, like Gecko; compatible; bingbot/2.0; +http://www.bing.com/bingbot.htm) Chrome/116.0.1938.76 Safari/537.36"
85.208.96.196 - - [22/May/2026:07:27:37 +0200] "GET /products/tw/regulatory16292042105 HTTP/1.1" 200 3954 "-" "Mozilla/5.0 (compatible; SemrushBot/7~bl; +http://www.semrush.com/bot.html)"
51.195.244.3 - - [22/May/2026:07:27:38 +0200] "GET /products/certificates/morning163020641540 HTTP/1.1" 200 3954 "-" "Mozilla/5.0 (compatible; AhrefsBot/7.0; +http://ahrefs.com/robot/)"
185.191.171.18 - - [22/May/2026:07:27:47 +0200] "GET /products/wav/everything1625320666 HTTP/1.1" 200 3954 "-" "Mozilla/5.0 (compatible; SemrushBot/7~bl; +http://www.semrush.com/bot.html)"
51.89.129.180 - - [22/May/2026:07:27:51 +0200] "GET /products/cerevisiae/softcover162543146685 HTTP/1.1" 200 3954 "-" "Mozilla/5.0 (compatible; AhrefsBot/7.0; +http://ahrefs.com/robot/)"
198.244.168.118 - - [22/May/2026:07:27:57 +0200] "GET /products/cello/something163011633021 HTTP/1.1" 200 3954 "-" "Mozilla/5.0 (compatible; AhrefsBot/7.0; +http://ahrefs.com/robot/)"
51.195.215.117 - - [22/May/2026:07:28:01 +0200] "GET /products/celeron/snowboard16292288345 HTTP/1.1" 200 3954 "-" "Mozilla/5.0 (compatible; AhrefsBot/7.0; +http://ahrefs.com/robot/)"
198.244.242.98 - - [22/May/2026:07:28:07 +0200] "GET /products/celebrations/curling16261037896 HTTP/1.1" 200 3954 "-" "Mozilla/5.0 (compatible; AhrefsBot/7.0; +http://ahrefs.com/robot/)"
85.208.96.199 - - [22/May/2026:07:28:07 +0200] "GET /products/vat/pokemon16271368502 HTTP/1.1" 200 3954 "-" "Mozilla/5.0 (compatible; SemrushBot/7~bl; +http://www.semrush.com/bot.html)"
51.89.129.13 - - [22/May/2026:07:28:08 +0200] "GET /products/cdp/albion1626995292 HTTP/1.1" 200 3954 "-" "Mozilla/5.0 (compatible; AhrefsBot/7.0; +http://ahrefs.com/robot/)"
54.38.147.81 - - [22/May/2026:07:28:09 +0200] "GET /products/celebrex/davidson163011579865 HTTP/1.1" 200 3954 "-" "Mozilla/5.0 (compatible; AhrefsBot/7.0; +http://ahrefs.com/robot/)"
51.195.244.44 - - [22/May/2026:07:28:10 +0200] "GET /products/celebrex/seventy16281494016 HTTP/1.1" 200 3954 "-" "Mozilla/5.0 (compatible; AhrefsBot/7.0; +http://ahrefs.com/robot/)"
185.191.171.9 - - [22/May/2026:07:28:10 +0200] "GET /products/tyne/payload1626934233 HTTP/1.1" 200 3954 "-" "Mozilla/5.0 (compatible; SemrushBot/7~bl; +http://www.semrush.com/bot.html)"
51.195.183.252 - - [22/May/2026:07:28:11 +0200] "GET /products/cd/xda16253699546 HTTP/1.1" 200 3954 "-" "Mozilla/5.0 (compatible; AhrefsBot/7.0; +http://ahrefs.com/robot/)"
51.195.215.186 - - [22/May/2026:07:28:15 +0200] "GET /products/caught/brussels16302465767 HTTP/1.1" 200 3954 "-" "Mozilla/5.0 (compatible; AhrefsBot/7.0; +http://ahrefs.com/robot/)"
66.249.79.238 - - [22/May/2026:07:28:16 +0200] "GET /?s=0624917180800 HTTP/1.1" 200 31813 "-" "Mozilla/5.0 (Linux; Android 6.0.1; Nexus 5X Build/MMB29P) AppleWebKit/537.36 (KHTML, like Gecko) Chrome/148.0.7778.96 Mobile Safari/537.36 (compatible; Googlebot/2.1; +http://www.google.com/bot.html)"
51.195.215.234 - - [22/May/2026:07:28:17 +0200] "GET /products/cave/probing162667629563 HTTP/1.1" 200 3954 "-" "Mozilla/5.0 (compatible; AhrefsBot/7.0; +http://ahrefs.com/robot/)"
66.249.79.238 - - [22/May/2026:07:28:18 +0200] "GET /?s=09675121625111 HTTP/1.1" 200 29949 "-" "Mozilla/5.0 (Linux; Android 6.0.1; Nexus 5X Build/MMB29P) AppleWebKit/537.36 (KHTML, like Gecko) Chrome/148.0.7778.96 Mobile Safari/537.36 (compatible; Googlebot/2.1; +http://www.google.com/bot.html)"
85.208.96.207 - - [22/May/2026:07:28:19 +0200] "GET /products/lei/leds1625716745 HTTP/1.1" 200 3954 "-" "Mozilla/5.0 (compatible; SemrushBot/7~bl; +http://www.semrush.com/bot.html)"
51.89.129.71 - - [22/May/2026:07:28:19 +0200] "GET /products/catch/freed162911287388 HTTP/1.1" 200 3954 "-" "Mozilla/5.0 (compatible; AhrefsBot/7.0; +http://ahrefs.com/robot/)"
66.249.79.238 - - [22/May/2026:07:28:19 +0200] "GET /?s=3691856879400 HTTP/1.1" 200 30200 "-" "Mozilla/5.0 (Linux; Android 6.0.1; Nexus 5X Build/MMB29P) AppleWebKit/537.36 (KHTML, like Gecko) Chrome/148.0.7778.96 Mobile Safari/537.36 (compatible; Googlebot/2.1; +http://www.google.com/bot.html)"
66.249.79.224 - - [22/May/2026:07:28:22 +0200] "GET /?s=1632999236402 HTTP/1.1" 200 30687 "-" "Mozilla/5.0 (Linux; Android 6.0.1; Nexus 5X Build/MMB29P) AppleWebKit/537.36 (KHTML, like Gecko) Chrome/148.0.7778.96 Mobile Safari/537.36 (compatible; Googlebot/2.1; +http://www.google.com/bot.html)"
54.38.147.206 - - [22/May/2026:07:28:23 +0200] "GET /products/casual/wat163084419200 HTTP/1.1" 200 3954 "-" "Mozilla/5.0 (compatible; AhrefsBot/7.0; +http://ahrefs.com/robot/)"
185.191.171.13 - - [22/May/2026:07:28:23 +0200] "GET /products/webb/exceeded1625671425 HTTP/1.1" 200 3954 "-" "Mozilla/5.0 (compatible; SemrushBot/7~bl; +http://www.semrush.com/bot.html)"
66.249.79.72 - - [22/May/2026:07:28:24 +0200] "GET /?s=57060120051404 HTTP/1.1" 200 30854 "-" "Mozilla/5.0 (Linux; Android 6.0.1; Nexus 5X Build/MMB29P) AppleWebKit/537.36 (KHTML, like Gecko) Chrome/148.0.7778.96 Mobile Safari/537.36 (compatible; Googlebot/2.1; +http://www.google.com/bot.html)"
51.195.183.83 - - [22/May/2026:07:28:24 +0200] "GET /products/casual/skating16264086632 HTTP/1.1" 200 3954 "-" "Mozilla/5.0 (compatible; AhrefsBot/7.0; +http://ahrefs.com/robot/)"
66.249.79.238 - - [22/May/2026:07:28:26 +0200] "GET /?s=068569404100 HTTP/1.1" 200 30851 "-" "Mozilla/5.0 (Linux; Android 6.0.1; Nexus 5X Build/MMB29P) AppleWebKit/537.36 (KHTML, like Gecko) Chrome/148.0.7778.96 Mobile Safari/537.36 (compatible; Googlebot/2.1; +http://www.google.com/bot.html)"
198.244.242.41 - - [22/May/2026:07:28:26 +0200] "GET /products/casting/employing1624193172 HTTP/1.1" 200 3954 "-" "Mozilla/5.0 (compatible; AhrefsBot/7.0; +http://ahrefs.com/robot/)"
51.195.215.0 - - [22/May/2026:07:28:26 +0200] "GET /products/categorized/injured16281466086 HTTP/1.1" 200 3954 "-" "Mozilla/5.0 (compatible; AhrefsBot/7.0; +http://ahrefs.com/robot/)"
66.249.79.238 - - [22/May/2026:07:28:27 +0200] "GET /?s=08271227775900 HTTP/1.1" 200 30086 "-" "Mozilla/5.0 (Linux; Android 6.0.1; Nexus 5X Build/MMB29P) AppleWebKit/537.36 (KHTML, like Gecko) Chrome/148.0.7778.96 Mobile Safari/537.36 (compatible; Googlebot/2.1; +http://www.google.com/bot.html)"
51.195.183.216 - - [22/May/2026:07:28:27 +0200] "GET /products/carving/township1624145490 HTTP/1.1" 200 3954 "-" "Mozilla/5.0 (compatible; AhrefsBot/7.0; +http://ahrefs.com/robot/)"
51.89.129.97 - - [22/May/2026:07:28:29 +0200] "GET /products/carries/chelsea16312706593 HTTP/1.1" 200 3954 "-" "Mozilla/5.0 (compatible; AhrefsBot/7.0; +http://ahrefs.com/robot/)"
66.249.79.238 - - [22/May/2026:07:28:29 +0200] "GET /?s=59798269567802 HTTP/1.1" 200 30679 "-" "Mozilla/5.0 (Linux; Android 6.0.1; Nexus 5X Build/MMB29P) AppleWebKit/537.36 (KHTML, like Gecko) Chrome/148.0.7778.96 Mobile Safari/537.36 (compatible; Googlebot/2.1; +http://www.google.com/bot.html)"
66.249.79.238 - - [22/May/2026:07:28:31 +0200] "GET /?s=80629251804501 HTTP/1.1" 200 30155 "-" "Mozilla/5.0 (Linux; Android 6.0.1; Nexus 5X Build/MMB29P) AppleWebKit/537.36 (KHTML, like Gecko) Chrome/148.0.7778.96 Mobile Safari/537.36 (compatible; Googlebot/2.1; +http://www.google.com/bot.html)"
198.244.183.196 - - [22/May/2026:07:28:31 +0200] "GET /products/carrie/johnny16243222864 HTTP/1.1" 200 3954 "-" "Mozilla/5.0 (compatible; AhrefsBot/7.0; +http://ahrefs.com/robot/)"
66.249.79.238 - - [22/May/2026:07:28:33 +0200] "GET /?s=65474282106605 HTTP/1.1" 200 30774 "-" "Mozilla/5.0 (Linux; Android 6.0.1; Nexus 5X Build/MMB29P) AppleWebKit/537.36 (KHTML, like Gecko) Chrome/148.0.7778.96 Mobile Safari/537.36 (compatible; Googlebot/2.1; +http://www.google.com/bot.html)"
